
What is the ten millions digit of 509040433?
0
What is the ten millions digit of 2045838112?
4
What is the units digit of 104761342?
2
What is the thousands digit of 93229867?
9
What is the tens digit of 3879056350?
5
What is the ten millions digit of 196573953?
9
What is the billions digit of 1110445402?
1
What is the tens digit of 34731057?
5
What is the millions digit of 164995917?
4
What is the hundreds digit of 90725706?
7
What is the ten millions digit of 4917460028?
1
What is the thousands digit of 798026113?
6
What is the tens digit of 12872173?
7
What is the hundreds digit of 3170219428?
4
What is the tens digit of 47066176?
7
What is the ten thousands digit of 2239357134?
5
What is the thousands digit of 297634571?
4
What is the ten millions digit of 761681697?
6
What is the ten millions digit of 132375230?
3
What is the ten millions digit of 122524421?
2
What is the units digit of 133429055?
5
What is the tens digit of 633370561?
6
What is the units digit of 59596294?
4
What is the ten millions digit of 4292460955?
9
What is the units digit of 107144638?
8
What is the hundreds digit of 69765325?
3
What is the ten thousands digit of 103434757?
3
What is the hundred thousands digit of 49049627?
0
What is the millions digit of 13013024?
3
What is the ten millions digit of 3311674747?
1
What is the ten thousands digit of 3611573208?
7
What is the ten thousands digit of 11642333?
4
What is the tens digit of 38239924?
2
What is the hundred millions digit of 164364797?
1
What is the tens digit of 1098333547?
4
What is the millions digit of 264606493?
4
What is the hundred millions digit of 493420200?
4
What is the tens digit of 281581?
8
What is the ten thousands digit of 93260224?
6
What is the hundreds digit of 71967111?
1
What is the thousands digit of 3284025?
4
What is the hundreds digit of 72867416?
4
What is the ten thousands digit of 41708371?
0
What is the ten millions digit of 28390847?
2
What is the hundred thousands digit of 342666097?
6
What is the millions digit of 9088406?
9
What is the thousands digit of 98155170?
5
What is the hundreds digit of 657423286?
2
What is the millions digit of 25852973?
5
What is the billions digit of 4356087897?
4
What is the millions digit of 1274851679?
4
What is the hundreds digit of 1270839139?
1
What is the hundreds digit of 5717991892?
8
What is the hundred millions digit of 2992852080?
9
What is the tens digit of 6158086230?
3
What is the units digit of 635169?
9
What is the units digit of 48341545?
5
What is the hundred millions digit of 1282964951?
2
What is the ten thousands digit of 79021738?
2
What is the hundreds digit of 62104876?
8
What is the tens digit of 429572991?
9
What is the hundred thousands digit of 162626457?
6
What is the thousands digit of 6982106?
2
What is the ten millions digit of 3991606487?
9
What is the thousands digit of 10926656?
6
What is the millions digit of 148482343?
8
What is the ten millions digit of 84442367?
8
What is the hundred millions digit of 629920245?
6
What is the ten millions digit of 434956922?
3
What is the units digit of 135061038?
8
What is the units digit of 283130706?
6
What is the thousands digit of 324674329?
4
What is the units digit of 399438984?
4
What is the units digit of 4405259128?
8
What is the hundred thousands digit of 248768848?
7
What is the units digit of 1036746935?
5
What is the ten thousands digit of 45105158?
0
What is the thousands digit of 13768247?
8
What is the ten millions digit of 111755097?
1
What is the ten millions digit of 191007777?
9
What is the thousands digit of 260983034?
3
What is the units digit of 74198187?
7
What is the units digit of 125103949?
9
What is the ten millions digit of 569052085?
6
What is the ten millions digit of 44704169?
4
What is the tens digit of 75127034?
3
What is the ten thousands digit of 979455982?
5
What is the ten millions digit of 3040107401?
4
What is the millions digit of 23106292?
3
What is the units digit of 3101878673?
3
What is the ten thousands digit of 523280438?
8
What is the units digit of 96654074?
4
What is the millions digit of 172877835?
2
What is the ten thousands digit of 32377377?
7
What is the hundreds digit of 757377110?
1
What is the units digit of 56075507?
7
What is the hundred thousands digit of 378960476?
9
What is the ten thousands digit of 458271362?
7
What is the millions digit of 134924198?
4
What is the hundred millions digit of 780650838?
7
What is the hundred millions digit of 248087567?
2
What is the hundred millions digit of 2252062838?
2
What is the millions digit of 3548377?
3
What is the hundred thousands digit of 45105621?
1
What is the millions digit of 629594981?
9
What is the millions digit of 3812513231?
2
What is the ten millions digit of 68881103?
6
What is the ten thousands digit of 111380699?
8
What is the millions digit of 401847131?
1
What is the hundreds digit of 90024468?
4
What is the hundred millions digit of 1520143174?
5
What is the ten millions digit of 6236337270?
3
What is the millions digit of 639164659?
9
What is the hundreds digit of 4386049833?
8
What is the units digit of 54447784?
4
What is the hundred thousands digit of 2309212939?
2
What is the tens digit of 160766567?
6
What is the thousands digit of 7616828?
6
What is the thousands digit of 217722827?
2
What is the millions digit of 86696340?
6
What is the ten thousands digit of 97768496?
6
What is the units digit of 722194305?
5
What is the ten thousands digit of 696722105?
2
What is the ten thousands digit of 9767698?
6
What is the thousands digit of 228950344?
0
What is the hundred millions digit of 3876434875?
8
What is the units digit of 328788722?
2
What is the units digit of 1176777927?
7
What is the thousands digit of 448667914?
7
What is the hundreds digit of 184909868?
8
What is the ten millions digit of 1242798425?
4
What is the ten thousands digit of 58107189?
0
What is the ten thousands digit of 7172207?
7
What is the thousands digit of 4774069839?
9
What is the millions digit of 8851972?
8
What is the millions digit of 21212553?
1
What is the ten millions digit of 1294643556?
9
What is the tens digit of 510690482?
8
What is the units digit of 578318213?
3
What is the hundreds digit of 70908419?
4
What is the ten millions digit of 774982220?
7
What is the hundred millions digit of 546945040?
5
What is the tens digit of 1064395755?
5
What is the thousands digit of 20458925?
8
What is the thousands digit of 1268869888?
9
What is the millions digit of 1163239790?
3
What is the thousands digit of 1858182733?
2
What is the ten thousands digit of 58794251?
9
What is the ten thousands digit of 53868221?
6
What is the tens digit of 303179411?
1
What is the hundred thousands digit of 703300307?
3
What is the thousands digit of 4933700026?
0
What is the hundred thousands digit of 5992954486?
9
What is the millions digit of 16199260?
6
What is the units digit of 334780746?
6
What is the ten millions digit of 48979125?
4
What is the thousands digit of 249221123?
1
What is the hundred thousands digit of 393251261?
2
What is the hundreds digit of 55504577?
5
What is the hundreds digit of 123423739?
7
What is the hundred millions digit of 106938736?
1
What is the ten thousands digit of 3029002138?
0
What is the ten thousands digit of 92462191?
6
What is the ten millions digit of 2745065090?
4
What is the millions digit of 921631963?
1
What is the thousands digit of 15887533?
7
What is the ten millions digit of 1350074793?
5
What is the tens digit of 228964967?
6
What is the ten millions digit of 758800367?
5
What is the thousands digit of 28607520?
7
What is the hundred millions digit of 495255884?
4
What is the ten thousands digit of 1613270959?
7
What is the hundred millions digit of 1288282922?
2
What is the tens digit of 82574012?
1
What is the hundreds digit of 9422417161?
1
What is the ten thousands digit of 88157493?
5
What is the hundred thousands digit of 35862431?
8
What is the hundred thousands digit of 52632817?
6
What is the hundred millions digit of 325298753?
3
What is the hundred millions digit of 104901970?
1
What is the ten millions digit of 59774341?
5
What is the hundred thousands digit of 1586306?
5
What is the ten millions digit of 10